{"id":4738,"date":"2024-11-29T10:45:17","date_gmt":"2024-11-29T10:45:17","guid":{"rendered":"https:\/\/mondialeolives.com\/?product=miel-framboise-3"},"modified":"2025-10-19T17:14:51","modified_gmt":"2025-10-19T17:14:51","slug":"miel-framboise-3","status":"publish","type":"product","link":"https:\/\/mondialeolives.com\/?product=miel-framboise-3","title":{"rendered":"Miel Framboise"},"content":{"rendered":"<p>Le miel de Framboisier, tout comme les autres plantes de la famille des ronces, pr\u00e9sente des vertus soulageant les toux et autres affections respiratoires. Il facilite le transit intestinal. Riche en sels min\u00e9raux et en vitamines E, il est un v\u00e9ritable alli\u00e9 pour l&#8217;organisme.<\/p>\n<p>250g<\/p>\n<p>Nouvelle r\u00e9colte 2024<\/p>\n","protected":false},"excerpt":{"rendered":"<p>Le miel de Framboisier, tout comme les autres plantes de la famille des ronces, pr\u00e9sente des vertus soulageant les toux et autres affections respiratoires. Il facilite le transit intestinal. Riche en sels min\u00e9raux et en vitamines E, il est un v\u00e9ritable alli\u00e9 pour l&#8217;organisme. 250g Nouvelle r\u00e9colte 2024<\/p>\n","protected":false},"featured_media":4734,"comment_status":"open","ping_status":"closed","template":"","meta":{"_joinchat":[]},"product_brand":[],"product_cat":[142],"product_tag":[],"class_list":{"0":"post-4738","1":"product","2":"type-product","3":"status-publish","4":"has-post-thumbnail","6":"product_cat-miel-de-monde","8":"first","9":"instock","10":"sale","11":"shipping-taxable","12":"purchasable","13":"product-type-simple"},"yoast_head":"<!-- This site is optimized with the Yoast SEO plugin v24.3 - https:\/\/yoast.com\/wordpress\/plugins\/seo\/ -->\n<title>Miel Framboise - Mondiale olives<\/title>\n<meta name=\"robots\" content=\"index, follow, max-snippet:-1, max-image-preview:large, max-video-preview:-1\" \/>\n<link rel=\"canonical\" href=\"https:\/\/mondialeolives.com\/?product=miel-framboise-3\" \/>\n<meta property=\"og:locale\" content=\"fr_FR\" \/>\n<meta property=\"og:type\" content=\"article\" \/>\n<meta property=\"og:title\" content=\"Miel Framboise - Mondiale olives\" \/>\n<meta property=\"og:description\" content=\"Le miel de Framboisier, tout comme les autres plantes de la famille des ronces, pr\u00e9sente des vertus soulageant les toux et autres affections respiratoires. Il facilite le transit intestinal. Riche en sels min\u00e9raux et en vitamines E, il est un v\u00e9ritable alli\u00e9 pour l&#8217;organisme. 250g Nouvelle r\u00e9colte 2024\" \/>\n<meta property=\"og:url\" content=\"https:\/\/mondialeolives.com\/?product=miel-framboise-3\" \/>\n<meta property=\"og:site_name\" content=\"Mondiale olives\" \/>\n<meta property=\"article:publisher\" content=\"https:\/\/m.facebook.com\/mondialeolives\/\" \/>\n<meta property=\"article:modified_time\" content=\"2025-10-19T17:14:51+00:00\" \/>\n<meta property=\"og:image\" content=\"https:\/\/mondialeolives.com\/wp-content\/uploads\/2024\/11\/1000041448-scaled.jpg\" \/>\n\t<meta property=\"og:image:width\" content=\"1920\" \/>\n\t<meta property=\"og:image:height\" content=\"2560\" \/>\n\t<meta property=\"og:image:type\" content=\"image\/jpeg\" \/>\n<meta name=\"twitter:card\" content=\"summary_large_image\" \/>\n<script type=\"application\/ld+json\" class=\"yoast-schema-graph\">{\"@context\":\"https:\/\/schema.org\",\"@graph\":[{\"@type\":\"WebPage\",\"@id\":\"https:\/\/mondialeolives.com\/?product=miel-framboise-3\",\"url\":\"https:\/\/mondialeolives.com\/?product=miel-framboise-3\",\"name\":\"Miel Framboise - Mondiale olives\",\"isPartOf\":{\"@id\":\"https:\/\/mondialeolives.com\/#website\"},\"primaryImageOfPage\":{\"@id\":\"https:\/\/mondialeolives.com\/?product=miel-framboise-3#primaryimage\"},\"image\":{\"@id\":\"https:\/\/mondialeolives.com\/?product=miel-framboise-3#primaryimage\"},\"thumbnailUrl\":\"https:\/\/mondialeolives.com\/wp-content\/uploads\/2024\/11\/1000041448-scaled.jpg\",\"datePublished\":\"2024-11-29T10:45:17+00:00\",\"dateModified\":\"2025-10-19T17:14:51+00:00\",\"breadcrumb\":{\"@id\":\"https:\/\/mondialeolives.com\/?product=miel-framboise-3#breadcrumb\"},\"inLanguage\":\"fr-FR\",\"potentialAction\":[{\"@type\":\"ReadAction\",\"target\":[\"https:\/\/mondialeolives.com\/?product=miel-framboise-3\"]}]},{\"@type\":\"ImageObject\",\"inLanguage\":\"fr-FR\",\"@id\":\"https:\/\/mondialeolives.com\/?product=miel-framboise-3#primaryimage\",\"url\":\"https:\/\/mondialeolives.com\/wp-content\/uploads\/2024\/11\/1000041448-scaled.jpg\",\"contentUrl\":\"https:\/\/mondialeolives.com\/wp-content\/uploads\/2024\/11\/1000041448-scaled.jpg\",\"width\":1920,\"height\":2560},{\"@type\":\"BreadcrumbList\",\"@id\":\"https:\/\/mondialeolives.com\/?product=miel-framboise-3#breadcrumb\",\"itemListElement\":[{\"@type\":\"ListItem\",\"position\":1,\"name\":\"Accueil\",\"item\":\"https:\/\/mondialeolives.com\/\"},{\"@type\":\"ListItem\",\"position\":2,\"name\":\"Produits\",\"item\":\"https:\/\/mondialeolives.com\/?post_type=product\"},{\"@type\":\"ListItem\",\"position\":3,\"name\":\"Miel Framboise\"}]},{\"@type\":\"WebSite\",\"@id\":\"https:\/\/mondialeolives.com\/#website\",\"url\":\"https:\/\/mondialeolives.com\/\",\"name\":\"www.mondialeolives.com\",\"description\":\"Olives, Fruits secs et dattes de qualit\u00e9\",\"publisher\":{\"@id\":\"https:\/\/mondialeolives.com\/#organization\"},\"potentialAction\":[{\"@type\":\"SearchAction\",\"target\":{\"@type\":\"EntryPoint\",\"urlTemplate\":\"https:\/\/mondialeolives.com\/?s={search_term_string}\"},\"query-input\":{\"@type\":\"PropertyValueSpecification\",\"valueRequired\":true,\"valueName\":\"search_term_string\"}}],\"inLanguage\":\"fr-FR\"},{\"@type\":\"Organization\",\"@id\":\"https:\/\/mondialeolives.com\/#organization\",\"name\":\"Mondiale olives\",\"url\":\"https:\/\/mondialeolives.com\/\",\"logo\":{\"@type\":\"ImageObject\",\"inLanguage\":\"fr-FR\",\"@id\":\"https:\/\/mondialeolives.com\/#\/schema\/logo\/image\/\",\"url\":\"https:\/\/mondialeolives.com\/wp-content\/uploads\/2020\/06\/cropped-mondiale_oliveslogo.png\",\"contentUrl\":\"https:\/\/mondialeolives.com\/wp-content\/uploads\/2020\/06\/cropped-mondiale_oliveslogo.png\",\"width\":512,\"height\":512,\"caption\":\"Mondiale olives\"},\"image\":{\"@id\":\"https:\/\/mondialeolives.com\/#\/schema\/logo\/image\/\"},\"sameAs\":[\"https:\/\/m.facebook.com\/mondialeolives\/\",\"https:\/\/www.instagram.com\/mondialolive\/\"]}]}<\/script>\n<!-- \/ Yoast SEO plugin. -->","yoast_head_json":{"title":"Miel Framboise - Mondiale olives","robots":{"index":"index","follow":"follow","max-snippet":"max-snippet:-1","max-image-preview":"max-image-preview:large","max-video-preview":"max-video-preview:-1"},"canonical":"https:\/\/mondialeolives.com\/?product=miel-framboise-3","og_locale":"fr_FR","og_type":"article","og_title":"Miel Framboise - Mondiale olives","og_description":"Le miel de Framboisier, tout comme les autres plantes de la famille des ronces, pr\u00e9sente des vertus soulageant les toux et autres affections respiratoires. Il facilite le transit intestinal. Riche en sels min\u00e9raux et en vitamines E, il est un v\u00e9ritable alli\u00e9 pour l&#8217;organisme. 250g Nouvelle r\u00e9colte 2024","og_url":"https:\/\/mondialeolives.com\/?product=miel-framboise-3","og_site_name":"Mondiale olives","article_publisher":"https:\/\/m.facebook.com\/mondialeolives\/","article_modified_time":"2025-10-19T17:14:51+00:00","og_image":[{"width":1920,"height":2560,"url":"https:\/\/mondialeolives.com\/wp-content\/uploads\/2024\/11\/1000041448-scaled.jpg","type":"image\/jpeg"}],"twitter_card":"summary_large_image","schema":{"@context":"https:\/\/schema.org","@graph":[{"@type":"WebPage","@id":"https:\/\/mondialeolives.com\/?product=miel-framboise-3","url":"https:\/\/mondialeolives.com\/?product=miel-framboise-3","name":"Miel Framboise - Mondiale olives","isPartOf":{"@id":"https:\/\/mondialeolives.com\/#website"},"primaryImageOfPage":{"@id":"https:\/\/mondialeolives.com\/?product=miel-framboise-3#primaryimage"},"image":{"@id":"https:\/\/mondialeolives.com\/?product=miel-framboise-3#primaryimage"},"thumbnailUrl":"https:\/\/mondialeolives.com\/wp-content\/uploads\/2024\/11\/1000041448-scaled.jpg","datePublished":"2024-11-29T10:45:17+00:00","dateModified":"2025-10-19T17:14:51+00:00","breadcrumb":{"@id":"https:\/\/mondialeolives.com\/?product=miel-framboise-3#breadcrumb"},"inLanguage":"fr-FR","potentialAction":[{"@type":"ReadAction","target":["https:\/\/mondialeolives.com\/?product=miel-framboise-3"]}]},{"@type":"ImageObject","inLanguage":"fr-FR","@id":"https:\/\/mondialeolives.com\/?product=miel-framboise-3#primaryimage","url":"https:\/\/mondialeolives.com\/wp-content\/uploads\/2024\/11\/1000041448-scaled.jpg","contentUrl":"https:\/\/mondialeolives.com\/wp-content\/uploads\/2024\/11\/1000041448-scaled.jpg","width":1920,"height":2560},{"@type":"BreadcrumbList","@id":"https:\/\/mondialeolives.com\/?product=miel-framboise-3#breadcrumb","itemListElement":[{"@type":"ListItem","position":1,"name":"Accueil","item":"https:\/\/mondialeolives.com\/"},{"@type":"ListItem","position":2,"name":"Produits","item":"https:\/\/mondialeolives.com\/?post_type=product"},{"@type":"ListItem","position":3,"name":"Miel Framboise"}]},{"@type":"WebSite","@id":"https:\/\/mondialeolives.com\/#website","url":"https:\/\/mondialeolives.com\/","name":"www.mondialeolives.com","description":"Olives, Fruits secs et dattes de qualit\u00e9","publisher":{"@id":"https:\/\/mondialeolives.com\/#organization"},"potentialAction":[{"@type":"SearchAction","target":{"@type":"EntryPoint","urlTemplate":"https:\/\/mondialeolives.com\/?s={search_term_string}"},"query-input":{"@type":"PropertyValueSpecification","valueRequired":true,"valueName":"search_term_string"}}],"inLanguage":"fr-FR"},{"@type":"Organization","@id":"https:\/\/mondialeolives.com\/#organization","name":"Mondiale olives","url":"https:\/\/mondialeolives.com\/","logo":{"@type":"ImageObject","inLanguage":"fr-FR","@id":"https:\/\/mondialeolives.com\/#\/schema\/logo\/image\/","url":"https:\/\/mondialeolives.com\/wp-content\/uploads\/2020\/06\/cropped-mondiale_oliveslogo.png","contentUrl":"https:\/\/mondialeolives.com\/wp-content\/uploads\/2020\/06\/cropped-mondiale_oliveslogo.png","width":512,"height":512,"caption":"Mondiale olives"},"image":{"@id":"https:\/\/mondialeolives.com\/#\/schema\/logo\/image\/"},"sameAs":["https:\/\/m.facebook.com\/mondialeolives\/","https:\/\/www.instagram.com\/mondialolive\/"]}]}},"_links":{"self":[{"href":"https:\/\/mondialeolives.com\/index.php?rest_route=\/wp\/v2\/product\/4738","targetHints":{"allow":["GET"]}}],"collection":[{"href":"https:\/\/mondialeolives.com\/index.php?rest_route=\/wp\/v2\/product"}],"about":[{"href":"https:\/\/mondialeolives.com\/index.php?rest_route=\/wp\/v2\/types\/product"}],"replies":[{"embeddable":true,"href":"https:\/\/mondialeolives.com\/index.php?rest_route=%2Fwp%2Fv2%2Fcomments&post=4738"}],"version-history":[{"count":0,"href":"https:\/\/mondialeolives.com\/index.php?rest_route=\/wp\/v2\/product\/4738\/revisions"}],"wp:featuredmedia":[{"embeddable":true,"href":"https:\/\/mondialeolives.com\/index.php?rest_route=\/wp\/v2\/media\/4734"}],"wp:attachment":[{"href":"https:\/\/mondialeolives.com\/index.php?rest_route=%2Fwp%2Fv2%2Fmedia&parent=4738"}],"wp:term":[{"taxonomy":"product_brand","embeddable":true,"href":"https:\/\/mondialeolives.com\/index.php?rest_route=%2Fwp%2Fv2%2Fproduct_brand&post=4738"},{"taxonomy":"product_cat","embeddable":true,"href":"https:\/\/mondialeolives.com\/index.php?rest_route=%2Fwp%2Fv2%2Fproduct_cat&post=4738"},{"taxonomy":"product_tag","embeddable":true,"href":"https:\/\/mondialeolives.com\/index.php?rest_route=%2Fwp%2Fv2%2Fproduct_tag&post=4738"}],"curies":[{"name":"wp","href":"https:\/\/api.w.org\/{rel}","templated":true}]}}