{"id":433,"date":"2020-06-20T23:18:17","date_gmt":"2020-06-20T23:18:17","guid":{"rendered":"http:\/\/mondialeolives.com\/?post_type=product&#038;p=433"},"modified":"2025-11-15T19:44:26","modified_gmt":"2025-11-15T19:44:26","slug":"abricot-sec-bio-2","status":"publish","type":"product","link":"https:\/\/mondialeolives.com\/?product=abricot-sec-bio-2","title":{"rendered":"Abricots secs"},"content":{"rendered":"<p><strong><em>INGR\u00c9DIENTS :<\/em><\/strong><br \/>\nAbricots secs.<\/p>\n<p><strong><em>VALEURS NUTRITIONNELLES :<\/em><\/strong><br \/>\n<em>Energie :<\/em> 1199kj \/ 283kcal<br \/>\n<em>Mati\u00e8res grasses :<\/em> 0.5g (dont acides gras satur\u00e9s 0.1g)<br \/>\n<em>Glucides :<\/em> 63g (dont sucres 53g)<br \/>\n<em>Fibres :<\/em> 7.3g<br \/>\n<em>Prot\u00e9ines :<\/em> 3.4g<br \/>\n<em>Sel :<\/em> 0.02g<\/p>\n<p><strong><em>ORIGINE :<\/em><\/strong> Turquie<\/p>\n","protected":false},"excerpt":{"rendered":"<p>V\u00e9ritables concentr\u00e9s nutritionnels, les abricots secs sont source de potassium, antioxydants, fibres, vitamine A, de fer et de cuivre.<br \/>\nIls contiennent 5 fois plus d\u2019\u00e9nergie que les abricots frais.<\/p>\n<p>La teneure en fibres et potassium conf\u00e8re un pouvoir laxatif aux abricots secs, aidant notamment \u00e0 faciliter la digestion et \u00e0 pr\u00e9venir la constipation. Ils aident en outre \u00e0 la gestion du poids.<\/p>\n<p>Les abricots sont tr\u00e8s b\u00e9n\u00e9fiques pour les femmes enceintes. Les experts de la nutrition recommandent aux femmes enceintes de consommer des abricots secs \u00e0 cause de leur forte teneur en fer.<\/p>\n","protected":false},"featured_media":2619,"comment_status":"open","ping_status":"closed","template":"","meta":{"_joinchat":[]},"product_brand":[],"product_cat":[141],"product_tag":[53,54],"class_list":{"0":"post-433","1":"product","2":"type-product","3":"status-publish","4":"has-post-thumbnail","6":"product_cat-fruits-secs","7":"product_tag-abricot","8":"product_tag-sec","10":"first","11":"instock","12":"shipping-taxable","13":"purchasable","14":"product-type-variable","15":"has-default-attributes"},"yoast_head":"<!-- This site is optimized with the Yoast SEO plugin v24.3 - https:\/\/yoast.com\/wordpress\/plugins\/seo\/ -->\n<title>Abricots secs - Mondiale olives<\/title>\n<meta name=\"robots\" content=\"index, follow, max-snippet:-1, max-image-preview:large, max-video-preview:-1\" \/>\n<link rel=\"canonical\" href=\"https:\/\/mondialeolives.com\/?product=abricot-sec-bio-2\" \/>\n<meta property=\"og:locale\" content=\"fr_FR\" \/>\n<meta property=\"og:type\" content=\"article\" \/>\n<meta property=\"og:title\" content=\"Abricots secs - Mondiale olives\" \/>\n<meta property=\"og:description\" content=\"V\u00e9ritables concentr\u00e9s nutritionnels, les abricots secs sont source de potassium, antioxydants, fibres, vitamine A, de fer et de cuivre. Ils contiennent 5 fois plus d\u2019\u00e9nergie que les abricots frais.  La teneure en fibres et potassium conf\u00e8re un pouvoir laxatif aux abricots secs, aidant notamment \u00e0 faciliter la digestion et \u00e0 pr\u00e9venir la constipation. Ils aident en outre \u00e0 la gestion du poids.  Les abricots sont tr\u00e8s b\u00e9n\u00e9fiques pour les femmes enceintes. Les experts de la nutrition recommandent aux femmes enceintes de consommer des abricots secs \u00e0 cause de leur forte teneur en fer.\" \/>\n<meta property=\"og:url\" content=\"https:\/\/mondialeolives.com\/?product=abricot-sec-bio-2\" \/>\n<meta property=\"og:site_name\" content=\"Mondiale olives\" \/>\n<meta property=\"article:publisher\" content=\"https:\/\/m.facebook.com\/mondialeolives\/\" \/>\n<meta property=\"article:modified_time\" content=\"2025-11-15T19:44:26+00:00\" \/>\n<meta property=\"og:image\" content=\"https:\/\/mondialeolives.com\/wp-content\/uploads\/2020\/06\/dry-orejon-scaled.jpg\" \/>\n\t<meta property=\"og:image:width\" content=\"2560\" \/>\n\t<meta property=\"og:image:height\" content=\"2560\" \/>\n\t<meta property=\"og:image:type\" content=\"image\/jpeg\" \/>\n<meta name=\"twitter:card\" content=\"summary_large_image\" \/>\n<script type=\"application\/ld+json\" class=\"yoast-schema-graph\">{\"@context\":\"https:\/\/schema.org\",\"@graph\":[{\"@type\":\"WebPage\",\"@id\":\"https:\/\/mondialeolives.com\/?product=abricot-sec-bio-2\",\"url\":\"https:\/\/mondialeolives.com\/?product=abricot-sec-bio-2\",\"name\":\"Abricots secs - Mondiale olives\",\"isPartOf\":{\"@id\":\"https:\/\/mondialeolives.com\/#website\"},\"primaryImageOfPage\":{\"@id\":\"https:\/\/mondialeolives.com\/?product=abricot-sec-bio-2#primaryimage\"},\"image\":{\"@id\":\"https:\/\/mondialeolives.com\/?product=abricot-sec-bio-2#primaryimage\"},\"thumbnailUrl\":\"https:\/\/mondialeolives.com\/wp-content\/uploads\/2020\/06\/dry-orejon-scaled.jpg\",\"datePublished\":\"2020-06-20T23:18:17+00:00\",\"dateModified\":\"2025-11-15T19:44:26+00:00\",\"breadcrumb\":{\"@id\":\"https:\/\/mondialeolives.com\/?product=abricot-sec-bio-2#breadcrumb\"},\"inLanguage\":\"fr-FR\",\"potentialAction\":[{\"@type\":\"ReadAction\",\"target\":[\"https:\/\/mondialeolives.com\/?product=abricot-sec-bio-2\"]}]},{\"@type\":\"ImageObject\",\"inLanguage\":\"fr-FR\",\"@id\":\"https:\/\/mondialeolives.com\/?product=abricot-sec-bio-2#primaryimage\",\"url\":\"https:\/\/mondialeolives.com\/wp-content\/uploads\/2020\/06\/dry-orejon-scaled.jpg\",\"contentUrl\":\"https:\/\/mondialeolives.com\/wp-content\/uploads\/2020\/06\/dry-orejon-scaled.jpg\",\"width\":2560,\"height\":2560,\"caption\":\"abricots secs\"},{\"@type\":\"BreadcrumbList\",\"@id\":\"https:\/\/mondialeolives.com\/?product=abricot-sec-bio-2#breadcrumb\",\"itemListElement\":[{\"@type\":\"ListItem\",\"position\":1,\"name\":\"Accueil\",\"item\":\"https:\/\/mondialeolives.com\/\"},{\"@type\":\"ListItem\",\"position\":2,\"name\":\"Produits\",\"item\":\"https:\/\/mondialeolives.com\/?post_type=product\"},{\"@type\":\"ListItem\",\"position\":3,\"name\":\"Abricots secs\"}]},{\"@type\":\"WebSite\",\"@id\":\"https:\/\/mondialeolives.com\/#website\",\"url\":\"https:\/\/mondialeolives.com\/\",\"name\":\"www.mondialeolives.com\",\"description\":\"Olives, Fruits secs et dattes de qualit\u00e9\",\"publisher\":{\"@id\":\"https:\/\/mondialeolives.com\/#organization\"},\"potentialAction\":[{\"@type\":\"SearchAction\",\"target\":{\"@type\":\"EntryPoint\",\"urlTemplate\":\"https:\/\/mondialeolives.com\/?s={search_term_string}\"},\"query-input\":{\"@type\":\"PropertyValueSpecification\",\"valueRequired\":true,\"valueName\":\"search_term_string\"}}],\"inLanguage\":\"fr-FR\"},{\"@type\":\"Organization\",\"@id\":\"https:\/\/mondialeolives.com\/#organization\",\"name\":\"Mondiale olives\",\"url\":\"https:\/\/mondialeolives.com\/\",\"logo\":{\"@type\":\"ImageObject\",\"inLanguage\":\"fr-FR\",\"@id\":\"https:\/\/mondialeolives.com\/#\/schema\/logo\/image\/\",\"url\":\"https:\/\/mondialeolives.com\/wp-content\/uploads\/2020\/06\/cropped-mondiale_oliveslogo.png\",\"contentUrl\":\"https:\/\/mondialeolives.com\/wp-content\/uploads\/2020\/06\/cropped-mondiale_oliveslogo.png\",\"width\":512,\"height\":512,\"caption\":\"Mondiale olives\"},\"image\":{\"@id\":\"https:\/\/mondialeolives.com\/#\/schema\/logo\/image\/\"},\"sameAs\":[\"https:\/\/m.facebook.com\/mondialeolives\/\",\"https:\/\/www.instagram.com\/mondialolive\/\"]}]}<\/script>\n<!-- \/ Yoast SEO plugin. -->","yoast_head_json":{"title":"Abricots secs - Mondiale olives","robots":{"index":"index","follow":"follow","max-snippet":"max-snippet:-1","max-image-preview":"max-image-preview:large","max-video-preview":"max-video-preview:-1"},"canonical":"https:\/\/mondialeolives.com\/?product=abricot-sec-bio-2","og_locale":"fr_FR","og_type":"article","og_title":"Abricots secs - Mondiale olives","og_description":"V\u00e9ritables concentr\u00e9s nutritionnels, les abricots secs sont source de potassium, antioxydants, fibres, vitamine A, de fer et de cuivre. Ils contiennent 5 fois plus d\u2019\u00e9nergie que les abricots frais.  La teneure en fibres et potassium conf\u00e8re un pouvoir laxatif aux abricots secs, aidant notamment \u00e0 faciliter la digestion et \u00e0 pr\u00e9venir la constipation. Ils aident en outre \u00e0 la gestion du poids.  Les abricots sont tr\u00e8s b\u00e9n\u00e9fiques pour les femmes enceintes. Les experts de la nutrition recommandent aux femmes enceintes de consommer des abricots secs \u00e0 cause de leur forte teneur en fer.","og_url":"https:\/\/mondialeolives.com\/?product=abricot-sec-bio-2","og_site_name":"Mondiale olives","article_publisher":"https:\/\/m.facebook.com\/mondialeolives\/","article_modified_time":"2025-11-15T19:44:26+00:00","og_image":[{"width":2560,"height":2560,"url":"https:\/\/mondialeolives.com\/wp-content\/uploads\/2020\/06\/dry-orejon-scaled.jpg","type":"image\/jpeg"}],"twitter_card":"summary_large_image","schema":{"@context":"https:\/\/schema.org","@graph":[{"@type":"WebPage","@id":"https:\/\/mondialeolives.com\/?product=abricot-sec-bio-2","url":"https:\/\/mondialeolives.com\/?product=abricot-sec-bio-2","name":"Abricots secs - Mondiale olives","isPartOf":{"@id":"https:\/\/mondialeolives.com\/#website"},"primaryImageOfPage":{"@id":"https:\/\/mondialeolives.com\/?product=abricot-sec-bio-2#primaryimage"},"image":{"@id":"https:\/\/mondialeolives.com\/?product=abricot-sec-bio-2#primaryimage"},"thumbnailUrl":"https:\/\/mondialeolives.com\/wp-content\/uploads\/2020\/06\/dry-orejon-scaled.jpg","datePublished":"2020-06-20T23:18:17+00:00","dateModified":"2025-11-15T19:44:26+00:00","breadcrumb":{"@id":"https:\/\/mondialeolives.com\/?product=abricot-sec-bio-2#breadcrumb"},"inLanguage":"fr-FR","potentialAction":[{"@type":"ReadAction","target":["https:\/\/mondialeolives.com\/?product=abricot-sec-bio-2"]}]},{"@type":"ImageObject","inLanguage":"fr-FR","@id":"https:\/\/mondialeolives.com\/?product=abricot-sec-bio-2#primaryimage","url":"https:\/\/mondialeolives.com\/wp-content\/uploads\/2020\/06\/dry-orejon-scaled.jpg","contentUrl":"https:\/\/mondialeolives.com\/wp-content\/uploads\/2020\/06\/dry-orejon-scaled.jpg","width":2560,"height":2560,"caption":"abricots secs"},{"@type":"BreadcrumbList","@id":"https:\/\/mondialeolives.com\/?product=abricot-sec-bio-2#breadcrumb","itemListElement":[{"@type":"ListItem","position":1,"name":"Accueil","item":"https:\/\/mondialeolives.com\/"},{"@type":"ListItem","position":2,"name":"Produits","item":"https:\/\/mondialeolives.com\/?post_type=product"},{"@type":"ListItem","position":3,"name":"Abricots secs"}]},{"@type":"WebSite","@id":"https:\/\/mondialeolives.com\/#website","url":"https:\/\/mondialeolives.com\/","name":"www.mondialeolives.com","description":"Olives, Fruits secs et dattes de qualit\u00e9","publisher":{"@id":"https:\/\/mondialeolives.com\/#organization"},"potentialAction":[{"@type":"SearchAction","target":{"@type":"EntryPoint","urlTemplate":"https:\/\/mondialeolives.com\/?s={search_term_string}"},"query-input":{"@type":"PropertyValueSpecification","valueRequired":true,"valueName":"search_term_string"}}],"inLanguage":"fr-FR"},{"@type":"Organization","@id":"https:\/\/mondialeolives.com\/#organization","name":"Mondiale olives","url":"https:\/\/mondialeolives.com\/","logo":{"@type":"ImageObject","inLanguage":"fr-FR","@id":"https:\/\/mondialeolives.com\/#\/schema\/logo\/image\/","url":"https:\/\/mondialeolives.com\/wp-content\/uploads\/2020\/06\/cropped-mondiale_oliveslogo.png","contentUrl":"https:\/\/mondialeolives.com\/wp-content\/uploads\/2020\/06\/cropped-mondiale_oliveslogo.png","width":512,"height":512,"caption":"Mondiale olives"},"image":{"@id":"https:\/\/mondialeolives.com\/#\/schema\/logo\/image\/"},"sameAs":["https:\/\/m.facebook.com\/mondialeolives\/","https:\/\/www.instagram.com\/mondialolive\/"]}]}},"_links":{"self":[{"href":"https:\/\/mondialeolives.com\/index.php?rest_route=\/wp\/v2\/product\/433","targetHints":{"allow":["GET"]}}],"collection":[{"href":"https:\/\/mondialeolives.com\/index.php?rest_route=\/wp\/v2\/product"}],"about":[{"href":"https:\/\/mondialeolives.com\/index.php?rest_route=\/wp\/v2\/types\/product"}],"replies":[{"embeddable":true,"href":"https:\/\/mondialeolives.com\/index.php?rest_route=%2Fwp%2Fv2%2Fcomments&post=433"}],"version-history":[{"count":6,"href":"https:\/\/mondialeolives.com\/index.php?rest_route=\/wp\/v2\/product\/433\/revisions"}],"predecessor-version":[{"id":4092,"href":"https:\/\/mondialeolives.com\/index.php?rest_route=\/wp\/v2\/product\/433\/revisions\/4092"}],"wp:featuredmedia":[{"embeddable":true,"href":"https:\/\/mondialeolives.com\/index.php?rest_route=\/wp\/v2\/media\/2619"}],"wp:attachment":[{"href":"https:\/\/mondialeolives.com\/index.php?rest_route=%2Fwp%2Fv2%2Fmedia&parent=433"}],"wp:term":[{"taxonomy":"product_brand","embeddable":true,"href":"https:\/\/mondialeolives.com\/index.php?rest_route=%2Fwp%2Fv2%2Fproduct_brand&post=433"},{"taxonomy":"product_cat","embeddable":true,"href":"https:\/\/mondialeolives.com\/index.php?rest_route=%2Fwp%2Fv2%2Fproduct_cat&post=433"},{"taxonomy":"product_tag","embeddable":true,"href":"https:\/\/mondialeolives.com\/index.php?rest_route=%2Fwp%2Fv2%2Fproduct_tag&post=433"}],"curies":[{"name":"wp","href":"https:\/\/api.w.org\/{rel}","templated":true}]}}